{"id":25,"date":"2020-05-23T11:43:36","date_gmt":"2020-05-23T09:43:36","guid":{"rendered":"http:\/\/kuntel.hu\/wp\/?page_id=25"},"modified":"2020-05-23T11:43:36","modified_gmt":"2020-05-23T09:43:36","slug":"ismerjen-meg-bennunket","status":"publish","type":"page","link":"https:\/\/kuntel.hu\/","title":{"rendered":"Ismerjen meg benn\u00fcnket"},"content":{"rendered":"\n<p>C\u00e9g\u00fcnket 1992-ben alak\u00edtottuk, volt telekommunik\u00e1ci\u00f3s multi v\u00e1llalatokn\u00e1l szerzett tapasztalat alapj\u00e1n.<br>Szakmai tud\u00e1sunknak \u00e9s lelkesed\u00e9s\u00fcnknek k\u00f6sz\u00f6nhet\u0151en gyors fejl\u0151d\u00e9snek indultunk \u00e9s \u00edgy m\u00e1r 1995-ben rendelkezt\u00fcnk kiskereskedelmi egys\u00e9ggel is \u00e9s telefon szerv\u00edzzel egyar\u00e1nt. Megalakul\u00e1sunk \u00f3ta folyamatosan b\u0151v\u00fcl\u0151 szolg\u00e1ltat\u00e1sainkkal \u00e9s er\u0151s\u00f6d\u0151 piaci poz\u00edci\u00f3nkkal bizony\u00edtjuk l\u00e9tez\u00e9s\u00fcnket.<br>T\u00e1rsas\u00e1gunk vezet\u00e9se elk\u00f6telezte mag\u00e1t, hogy \u00fcgyfeleinknek a maxim\u00e1lis sz\u00ednvonal\u00fa, min\u0151s\u00e9g\u0171, \u00e9s szakmai h\u00e1tter\u0171 szolg\u00e1ltat\u00e1st ny\u00fajtsuk a k\u00f6rnyezet\u00fcnk \u00e9s \u00e9letter\u00fcnk meg\u00f3v\u00e1sa mellett.<\/p>\n\n\n\n<h3>&nbsp;Szolg\u00e1ltat\u00e1saink, term\u00e9keink<\/h3>\n\n\n\n<ul><li>sz\u00e1m\u00edt\u00f3g\u00e9pes \u00e9s telekommunik\u00e1ci\u00f3s h\u00e1l\u00f3zatok ki\u00e9p\u00edt\u00e9se A h\u00e1l\u00f3zat\u00e9p\u00edt\u00e9sn\u00e9l az \u00faj technol\u00f3gi\u00e1kat felhaszn\u00e1lva \u00e9p\u00edt\u00fcnk hagyom\u00e1nyos anal\u00f3g, Cat-5e, Cat-6, Cat-7-es valamint \u00fcvegsz\u00e1las h\u00e1l\u00f3zatokat, melyek 100%-ban megfelelnek a kor k\u00f6vetelm\u00e9nyeinek.<\/li><li>optikai, telefonos, kommunik\u00e1ci\u00f3s \u00e9s sz\u00e1m\u00edt\u00f3g\u00e9pes h\u00e1l\u00f3zatok tervez\u00e9se, telep\u00edt\u00e9se, m\u00e9r\u00e9se, tesztel\u00e9se, jav\u00edt\u00e1sa \u00e9s \u00fczemeltet\u00e9se.<\/li><li>telefonalk\u00f6zpontok telep\u00edt\u00e9se, \u00fczemeltet\u00e9se, k\u00f6lts\u00e9g\u00e9rz\u00e9keny megold\u00e1sok alkalmaz\u00e1sa (Panasonic, Alcatel, stb..)<\/li><li>alk\u00f6zponthoz kapcsol\u00f3d\u00f3 kaputelefonok telep\u00edt\u00e9se<\/li><li>d\u00edjsz\u00e1ml\u00e1l\u00f3k, h\u00edv\u00e1s adatgy\u0171jt\u0151 k\u00e1rty\u00e1k telep\u00edt\u00e9se, az \u00fczleti \u00e9s mag\u00e1n c\u00e9l\u0171 felhaszn\u00e1l\u00e1s elk\u00fcl\u00f6n\u00edt\u00e9se c\u00e9lj\u00e1b\u00f3l<\/li><li>mobil interface-ek telep\u00edt\u00e9se, a v\u00e1llalatok telefonk\u00f6lts\u00e9geinek drasztikus cs\u00f6kkent\u00e9s\u00e9re<\/li><\/ul>\n\n\n\n<h3>Min\u0151s\u00e9g<\/h3>\n\n\n\n<p>Min\u0151s\u00e9g politik\u00e1nk r\u00e9sze, hogy olyan m\u0171szaki megold\u00e1sokat alkalmazzunk, amelyek a legjobb \u00e1r\/\u00e9rt\u00e9k viszonyt k\u00e9pviselik. Ilyen p\u00e9ld\u00e1ul az \u00e1ltalunk tervezett, ki\u00e9p\u00edtett sz\u00e1m\u00edt\u00e1stechnikai h\u00e1l\u00f3zat, amelynek egyes verzi\u00f3ira ak\u00e1r 20 \u00e9v garanci\u00e1t is v\u00e1llalunk, a be\u00edp\u00edtett anyagok f\u00fcggv\u00e9ny\u00e9ben. A min\u0151s\u00e9g tov\u00e1bbi fokoz\u00e1sa \u00e9rdek\u00e9ben szakembereink folyamatos tov\u00e1bbk\u00e9pz\u00e9seken, tanfolyamokon vesznek r\u00e9szt, ahol naprak\u00e9sz inform\u00e1ci\u00f3kat saj\u00e1t\u00edtanak el a term\u00e9kpalett\u00e1nkon tal\u00e1lhat\u00f3 eszk\u00f6z\u00f6k haszn\u00e1lata, telep\u00edt\u00e9se, install\u00e1l\u00e1sa, programoz\u00e1sa, stb.. ter\u00e9n.<\/p>\n\n\n\n<h3>Rugalmass\u00e1g<\/h3>\n\n\n\n<p>M\u00e9ret\u00fcnknek \u00e9s szakmai felk\u00e9sz\u00fclts\u00e9g\u00fcnknek k\u00f6sz\u00f6nhet\u0151en rugalmasak vagyunk, \u00edgy egy bejelentett hib\u00e1ra k\u00fcl\u00f6n meg\u00e1llapod\u00e1s alapj\u00e1n ak\u00e1r 4 \u00f3r\u00e1n bel\u00fcl is rendelkez\u00e9sre tudunk \u00e1llni.<\/p>\n\n\n\n<h3>Rendelkez\u00e9sre\u00e1ll\u00e1s<\/h3>\n\n\n\n<p>Rendelkez\u00e9sre \u00e1ll\u00e1si \u00e9s karbantart\u00e1si szerz\u0151d\u00e9ssel rendelkez\u0151 \u00fcgyfeleink r\u00e9sz\u00e9re tov\u00e1bbi kedvezm\u00e9nyeket ny\u00fajtunk.<\/p>\n\n\n\n<h3>El\u0151rel\u00e1t\u00e1s<\/h3>\n\n\n\n<p>Folyamatosan figyelj\u00fck az \u00faj technol\u00f3gi\u00e1kat, megjelent m\u0171szaki megold\u00e1sokat \u00e9s gondos tesztel\u00e9s ut\u00e1n a lehet\u0151 leghamarabb integr\u00e1ljuk a ny\u00fajtott szolg\u00e1ltat\u00e1saink, term\u00e9keink k\u00f6z\u00e9.<\/p>\n\n\n\n<h3>Referenci\u00e1k<\/h3>\n\n\n\n<p>Rem\u00e9lj\u00fck, hogy c\u00e9g\u00fcnk a j\u00f6v\u0151ben eredm\u00e9nyes munkakapcsolatot alak\u00edthat ki \u00d6n\u00f6kkel. El\u0151re egyeztett id\u0151pontban k\u00e9r\u00e9sre szervez\u00fcnk referencia \u00fcgyf\u00e9l l\u00e1togat\u00e1st, ahol megtekinthet\u0151ek az \u00e1ltalunk \u00e9p\u00edtett rendszerek.<\/p>\n","protected":false},"excerpt":{"rendered":"<p>C\u00e9g\u00fcnket 1992-ben alak\u00edtottuk, volt telekommunik\u00e1ci\u00f3s multi v\u00e1llalatokn\u00e1l szerzett tapasztalat alapj\u00e1n.Szakmai tud\u00e1sunknak \u00e9s lelkesed\u00e9s\u00fcnknek k\u00f6sz\u00f6nhet\u0151en gyors fejl\u0151d\u00e9snek indultunk \u00e9s \u00edgy m\u00e1r 1995-ben rendelkezt\u00fcnk kiskereskedelmi egys\u00e9ggel is \u00e9s telefon szerv\u00edzzel egyar\u00e1nt. Megalakul\u00e1sunk \u00f3ta folyamatosan b\u0151v\u00fcl\u0151 szolg\u00e1ltat\u00e1sainkkal \u00e9s er\u0151s\u00f6d\u0151 piaci poz\u00edci\u00f3nkkal bizony\u00edtjuk l\u00e9tez\u00e9s\u00fcnket.T\u00e1rsas\u00e1gunk vezet\u00e9se elk\u00f6telezte mag\u00e1t, hogy \u00fcgyfeleinknek a maxim\u00e1lis sz\u00ednvonal\u00fa, min\u0151s\u00e9g\u0171, \u00e9s szakmai h\u00e1tter\u0171 szolg\u00e1ltat\u00e1st ny\u00fajtsuk a &hellip; <a href=\"https:\/\/kuntel.hu\/\" class=\"more-link\"><span class=\"screen-reader-text\">Ismerjen meg benn\u00fcnket<\/span> b\u0151vebben&#8230; <span class=\"meta-nav\">&rarr;<\/span><\/a><\/p>\n","protected":false},"author":1,"featured_media":0,"parent":0,"menu_order":0,"comment_status":"closed","ping_status":"closed","template":"","meta":[],"_links":{"self":[{"href":"https:\/\/kuntel.hu\/index.php?rest_route=\/wp\/v2\/pages\/25"}],"collection":[{"href":"https:\/\/kuntel.hu\/index.php?rest_route=\/wp\/v2\/pages"}],"about":[{"href":"https:\/\/kuntel.hu\/index.php?rest_route=\/wp\/v2\/types\/page"}],"author":[{"embeddable":true,"href":"https:\/\/kuntel.hu\/index.php?rest_route=\/wp\/v2\/users\/1"}],"replies":[{"embeddable":true,"href":"https:\/\/kuntel.hu\/index.php?rest_route=%2Fwp%2Fv2%2Fcomments&post=25"}],"version-history":[{"count":1,"href":"https:\/\/kuntel.hu\/index.php?rest_route=\/wp\/v2\/pages\/25\/revisions"}],"predecessor-version":[{"id":26,"href":"https:\/\/kuntel.hu\/index.php?rest_route=\/wp\/v2\/pages\/25\/revisions\/26"}],"wp:attachment":[{"href":"https:\/\/kuntel.hu\/index.php?rest_route=%2Fwp%2Fv2%2Fmedia&parent=25"}],"curies":[{"name":"wp","href":"https:\/\/api.w.org\/{rel}","templated":true}]}}